4 and 1338548?
4
Calculate the greatest common factor of 23421750 and 187.
187
What is the highest common divisor of 62 and 15855508?
62
Calculate the greatest common factor of 20178084 and 1702.
46
Calculate the greatest common divisor of 9348 and 453788.
164
What is the highest common factor of 2647747569 and 2091?
2091
What is the highest common factor of 644090 and 8410?
290
What is the greatest common divisor of 5425 and 103509?
217
What is the highest common factor of 6926136 and 21?
21
Calculate the highest common factor of 6601380 and 105.
15
What is the highest common divisor of 4 and 4666652?
4
What is the highest common factor of 181239685 and 495?
55
Calculate the highest common factor of 384 and 2825.
1
What is the greatest common factor of 80 and 29986040?
40
What is the greatest common divisor of 383856274 and 796?
398
Calculate the highest common divisor of 832 and 19168448.
832
Calculate the greatest common factor of 2796061 and 478.
239
What is the greatest common divisor of 858 and 3053622?
858
What is the highest common divisor of 712277 and 8107?
67
What is the greatest common factor of 96418 and 13450990?
1358
What is the highest common divisor of 3393 and 347568?
39
Calculate the greatest common factor of 18582 and 95328757.
3097
What is the greatest common divisor of 2288 and 61452248?
1144
What is the highest common divisor of 22017417 and 345?
69
Calculate the greatest common divisor of 19748418 and 11022.
1002
What is the greatest common divisor of 4689900 and 33750?
1350
What is the greatest common divisor of 7765600 and 2176?
544
Calculate the highest common factor of 511546 and 29036.
854
What is the highest common factor of 663 and 36767?
1
Calculate the greatest common factor of 1370 and 197390.
10
Calculate the highest common divisor of 5461385 and 5365.
185
Calculate the highest common divisor of 640 and 430294400.
640
What is the greatest common factor of 63138 and 34782?
102
What is the greatest common factor of 360 and 30383055?
45
Calculate the highest common divisor of 157482 and 1326.
78
Calculate the greatest common factor of 9318 and 252894.
6
Calculate the greatest common factor of 15965 and 1114915.
155
What is the greatest common factor of 6 and 8516814?
6
Calculate the highest common divisor of 895297700 and 22.
22
Calculate the greatest common factor of 31680 and 340072128.
6336
Calculate the highest common divisor of 200 and 134706900.
100
Calculate the greatest common divisor of 1182032 and 8.
8
Calculate the greatest common factor of 677982 and 462.
6
Calculate the highest common divisor of 11661307 and 133.
133
What is the highest common divisor of 1154870 and 371795?
265
What is the greatest common factor of 1360 and 1379941?
17
What is the highest common divisor of 404 and 2791741?
101
What is the greatest common factor of 540 and 66626748?
36
Calculate the greatest common factor of 11685 and 57760.
95
Calculate the greatest common divisor of 1398525 and 228265.
3215
Calculate the highest common divisor of 4791150 and 775.
25
Calculate the highest common factor of 467310 and 1184.
74
Calculate the highest common divisor of 1200 and 3859950.
150
What is the greatest common factor of 48407 and 4369?
1
What is the highest common divisor of 55497 and 613743?
39
Calculate the highest common divisor of 321356926 and 2134.
2134
Calculate the greatest common factor of 36 and 2083822578.
18
What is the greatest common divisor of 20473 and 1359199?
347
Calculate the highest common factor of 116 and 5532556.
4
Calculate the greatest common divisor of 3653327 and 463577.
4253
Calculate the highest common divisor of 1860 and 126696876.
372
What is the greatest common factor of 3596 and 419330459?
899
What is the greatest common factor of 48 and 35160456?
24
What is the highest common divisor of 6118576 and 65585?
1009
What is the highest common divisor of 12774 and 22566?
6
What is the greatest common factor of 191400594 and 4268?
2134
What is the greatest common divisor of 86 and 36654791?
43
What is the greatest common factor of 62263 and 62161413?
3277
What is the greatest common factor of 445386 and 246?
6
Calculate the highest common factor of 1928140824 and 3504.
1752
Calculate the greatest common divisor of 616628569 and 185.
37
What is the greatest common factor of 928330 and 5070?
130
Calculate the highest common factor of 29890 and 4819.
61
What is the highest common divisor of 9612 and 2595952?
356
Calculate the greatest common factor of 3019640 and 183170.
130
Calculate the highest common divisor of 1460 and 44420.
20
What is the greatest common factor of 505 and 182958975?
505
What is the highest common factor of 902 and 2209859?
41
What is the highest common divisor of 20224295 and 1365?
455
What is the highest common factor of 70 and 501908232?
14
Calculate the greatest common divisor of 218188200 and 37400.
3400
What is the greatest common factor of 1067192 and 362712?
952
Calculate the highest common divisor of 429 and 14824953.
429
Calculate the greatest common divisor of 76 and 3322055.
19
Calculate the greatest common factor of 12479652 and 72.
36
What is the highest common factor of 432 and 19872?
432
Calculate the greatest common factor of 5382765 and 945.
45
What is the highest common divisor of 12325 and 37931420?
2465
What is the greatest common divisor of 242 and 6977949?
121
Calculate the highest common factor of 10004 and 2977480516.
10004
Calculate the greatest common divisor of 154743307 and 287.
41
What is the greatest common factor of 59662154 and 195902?
3998
Calculate the highest common divisor of 16503827 and 5128.
641
What is the greatest common factor of 8643 and 1715468?
67
What is the highest common divisor of 529180960 and 3080?
3080
Calculate the highest common divisor of 1276 and 5315062.
58
Calculate the highest common divisor of 2223 and 2770443.
117
Calculate the highest common factor of 9592 and 28688.
88
Calculate the greatest common factor of 496658415 and 30.
15
Calculate the highest common divisor of 18252960 and 2420.
220
Calculate the highest common divisor of 48 and 518316588.
12
What is the greatest common factor of 32895566 and 11891?
253
Calculate the highest common factor of 56 and 10404088.
8
What is the greatest common factor of 2568924 and 180?
36
What is the greatest common factor of 3564 and 3707?
11
What is the greatest common factor of 133386 and 1401499?
473
What is the highest common factor of 7402142 and 102542?
1738
Calculate the highest common factor of 624070 and 550.
10
What is the highest common divisor of 1409 and 225979647?
1409
Calculate the greatest common factor of 6744830 and 305.
5
Calculate the greatest common factor of 157886 and 179174.
1774
What is the greatest common divisor of 112323736 and 179768?
7816
What is the greatest common factor of 2461463 and 2119?
163
Calculate the greatest common divisor of 1919270 and 4130.
590
What is the greatest common factor of 7188 and 56688162?
3594
Calculate the highest common divisor of 451801611 and 37719.
3429
What is the greatest common factor of 3936120 and 2040?
120
Calculate the greatest common divisor of 1725 and 288450.
75
What is the greatest common divisor of 6791019 and 9366?
669
What is the highest common factor of 2618220 and 39930?
330
Calculate the highest common factor of 2892 and 21372.
12
Calculate the greatest common divisor of 83 and 33413974.
83
Calculate the highest common divisor of 564137 and 9925.
397
Calculate the greatest common factor of 1348 and 998882828.
1348
Calculate the highest common factor of 70115 and 23196695.
1895
What is the greatest common factor of 46228632 and 108?
12
What is the greatest common factor of 2136 and 377096?
8
Calculate the highest common divisor of 7324 and 347018444.
7324
Calculate the greatest common factor of 204236384 and 96.
32
What is the highest common factor of 1826202 and 525?
21
What is the greatest common divisor of 676 and 873704?
52
Calculate the highest common divisor of 103123639 and 31.
31
What is the greatest common factor of 3779325 and 900?
225
Calculate the greatest common divisor of 160 and 14234320.
80
Calculate the highest common factor of 474 and 342600485.
79
Calculate the highest common factor of